{"id":256,"date":"2026-03-16T21:28:40","date_gmt":"2026-03-16T21:28:40","guid":{"rendered":"https:\/\/casa-azul.ch\/shop\/?post_type=product&#038;p=256"},"modified":"2026-05-30T17:22:45","modified_gmt":"2026-05-30T17:22:45","slug":"le-lac-le-livre","status":"publish","type":"product","link":"https:\/\/casa-azul.ch\/shop\/index.php\/produit\/le-lac-le-livre\/","title":{"rendered":"le lac"},"content":{"rendered":"<p><strong>le lac<\/strong> &#8211; le film \/ <strong>le lac<\/strong> &#8211; le livre<\/p>\n<p><em>Aller au milieu du lac, et de soi.<\/em><\/p>\n<p><em>Des carnets de notes m\u2019accompagnent depuis des ann\u00e9es au hasard des lectures et des rencontres. J\u2019y griffonne des extraits po\u00e9tiques et litt\u00e9raires, des mots, des phrases qui oscillant entre douceur et force expriment le myst\u00e8re de l\u2019\u00e2me et l\u2019indicible. Ce que je cherche \u00e0 explorer par le cin\u00e9ma.<\/em><\/p>\n<p><em>Les fragments pr\u00e9sent\u00e9s ici sont quelques-uns de mes compagnons de route. Ils r\u00e9v\u00e8lent, je l\u2019esp\u00e8re, la mati\u00e8re \u00e9motionnelle d\u00e9sormais rendue visible par le film <strong>le lac<\/strong>.<\/em><\/p>\n<p>F. Aragno<\/p>\n<p>Un livre d&rsquo;images au creux de la main. Images en mots et images en couleurs.<\/p>\n","protected":false},"excerpt":{"rendered":"<p><em>Aller au milieu du lac, et de soi.<\/em><\/p>\n<p><em><strong>le lac<\/strong><\/em>, le livre, r\u00e9unit les mots, les sentiments qui sont \u00e0 l&rsquo;origine et au coeur du film <strong><em>le lac<\/em><\/strong>.<\/p>\n<p>livre de poche, allong\u00e9, \u00e0 l&rsquo;italienne, 17cm \/ 11cm \/ 1cm. 100 pages, reluire cousue, impressions offset couleurs quadri, imprim\u00e9 \u00e0 800 exemplaires fr<\/p>\n<p>un film au creux de la main.<\/p>\n","protected":false},"featured_media":272,"template":"","meta":[],"product_brand":[],"product_cat":[17],"product_tag":[],"class_list":["post-256","product","type-product","status-publish","has-post-thumbnail","product_cat-book","first","instock","taxable","shipping-taxable","purchasable","product-type-simple"],"yoast_head":"<!-- This site is optimized with the Yoast SEO plugin v28.3 - https:\/\/yoast.com\/product\/yoast-seo-wordpress\/ -->\n<title>le lac - Boutiques L&#039;Atelier \/ Casa Azul Films<\/title>\n<meta name=\"description\" content=\"le lac, le livre, r\u00e9unit les mots, les sentiments qui sont \u00e0 l&#039;origine et au coeur du film le lac. Le lac au creux de la main.\" \/>\n<meta name=\"robots\" content=\"index, follow, max-snippet:-1, max-image-preview:large, max-video-preview:-1\" \/>\n<link rel=\"canonical\" href=\"https:\/\/casa-azul.ch\/shop\/index.php\/produit\/le-lac-le-livre\/\" \/>\n<meta property=\"og:locale\" content=\"fr_FR\" \/>\n<meta property=\"og:type\" content=\"article\" \/>\n<meta property=\"og:title\" content=\"le lac - Boutiques L&#039;Atelier \/ Casa Azul Films\" \/>\n<meta property=\"og:description\" content=\"le lac, le livre, r\u00e9unit les mots, les sentiments qui sont \u00e0 l&#039;origine et au coeur du film le lac. Le lac au creux de la main.\" \/>\n<meta property=\"og:url\" content=\"https:\/\/casa-azul.ch\/shop\/index.php\/produit\/le-lac-le-livre\/\" \/>\n<meta property=\"og:site_name\" content=\"Boutiques L&#039;Atelier \/ Casa Azul Films\" \/>\n<meta property=\"article:modified_time\" content=\"2026-05-30T17:22:45+00:00\" \/>\n<meta property=\"og:image\" content=\"https:\/\/casa-azul.ch\/shop\/wp-content\/uploads\/2026\/03\/IMG_3665-scaled.jpeg\" \/>\n\t<meta property=\"og:image:width\" content=\"2560\" \/>\n\t<meta property=\"og:image:height\" content=\"2397\" \/>\n\t<meta property=\"og:image:type\" content=\"image\/jpeg\" \/>\n<meta name=\"twitter:card\" content=\"summary_large_image\" \/>\n<meta name=\"twitter:label1\" content=\"Dur\u00e9e de lecture estim\u00e9e\" \/>\n\t<meta name=\"twitter:data1\" content=\"1 minute\" \/>\n<script type=\"application\/ld+json\" class=\"yoast-schema-graph\">{\"@context\":\"https:\\\/\\\/schema.org\",\"@graph\":[{\"@type\":\"WebPage\",\"@id\":\"https:\\\/\\\/casa-azul.ch\\\/shop\\\/index.php\\\/produit\\\/le-lac-le-livre\\\/\",\"url\":\"https:\\\/\\\/casa-azul.ch\\\/shop\\\/index.php\\\/produit\\\/le-lac-le-livre\\\/\",\"name\":\"le lac - Boutiques L&#039;Atelier \\\/ Casa Azul Films\",\"isPartOf\":{\"@id\":\"https:\\\/\\\/casa-azul.ch\\\/shop\\\/#website\"},\"primaryImageOfPage\":{\"@id\":\"https:\\\/\\\/casa-azul.ch\\\/shop\\\/index.php\\\/produit\\\/le-lac-le-livre\\\/#primaryimage\"},\"image\":{\"@id\":\"https:\\\/\\\/casa-azul.ch\\\/shop\\\/index.php\\\/produit\\\/le-lac-le-livre\\\/#primaryimage\"},\"thumbnailUrl\":\"https:\\\/\\\/casa-azul.ch\\\/shop\\\/wp-content\\\/uploads\\\/2026\\\/03\\\/IMG_3665-scaled.jpeg\",\"datePublished\":\"2026-03-16T21:28:40+00:00\",\"dateModified\":\"2026-05-30T17:22:45+00:00\",\"description\":\"le lac, le livre, r\u00e9unit les mots, les sentiments qui sont \u00e0 l'origine et au coeur du film le lac. Le lac au creux de la main.\",\"breadcrumb\":{\"@id\":\"https:\\\/\\\/casa-azul.ch\\\/shop\\\/index.php\\\/produit\\\/le-lac-le-livre\\\/#breadcrumb\"},\"inLanguage\":\"fr-FR\",\"potentialAction\":[{\"@type\":\"ReadAction\",\"target\":[\"https:\\\/\\\/casa-azul.ch\\\/shop\\\/index.php\\\/produit\\\/le-lac-le-livre\\\/\"]}]},{\"@type\":\"ImageObject\",\"inLanguage\":\"fr-FR\",\"@id\":\"https:\\\/\\\/casa-azul.ch\\\/shop\\\/index.php\\\/produit\\\/le-lac-le-livre\\\/#primaryimage\",\"url\":\"https:\\\/\\\/casa-azul.ch\\\/shop\\\/wp-content\\\/uploads\\\/2026\\\/03\\\/IMG_3665-scaled.jpeg\",\"contentUrl\":\"https:\\\/\\\/casa-azul.ch\\\/shop\\\/wp-content\\\/uploads\\\/2026\\\/03\\\/IMG_3665-scaled.jpeg\",\"width\":2560,\"height\":2397},{\"@type\":\"BreadcrumbList\",\"@id\":\"https:\\\/\\\/casa-azul.ch\\\/shop\\\/index.php\\\/produit\\\/le-lac-le-livre\\\/#breadcrumb\",\"itemListElement\":[{\"@type\":\"ListItem\",\"position\":1,\"name\":\"Accueil\",\"item\":\"https:\\\/\\\/casa-azul.ch\\\/shop\\\/\"},{\"@type\":\"ListItem\",\"position\":2,\"name\":\"Boutique\",\"item\":\"https:\\\/\\\/casa-azul.ch\\\/shop\\\/\"},{\"@type\":\"ListItem\",\"position\":3,\"name\":\"le lac\"}]},{\"@type\":\"WebSite\",\"@id\":\"https:\\\/\\\/casa-azul.ch\\\/shop\\\/#website\",\"url\":\"https:\\\/\\\/casa-azul.ch\\\/shop\\\/\",\"name\":\"Boutiques L&#039;Atelier \\\/ Casa Azul Films\",\"description\":\"rue de Gen\u00e8ve 97 \\\/ 1004 Lausanne \\\/ Suisse\",\"potentialAction\":[{\"@type\":\"SearchAction\",\"target\":{\"@type\":\"EntryPoint\",\"urlTemplate\":\"https:\\\/\\\/casa-azul.ch\\\/shop\\\/?s={search_term_string}\"},\"query-input\":{\"@type\":\"PropertyValueSpecification\",\"valueRequired\":true,\"valueName\":\"search_term_string\"}}],\"inLanguage\":\"fr-FR\"}]}<\/script>\n<!-- \/ Yoast SEO plugin. -->","yoast_head_json":{"title":"le lac - Boutiques L&#039;Atelier \/ Casa Azul Films","description":"le lac, le livre, r\u00e9unit les mots, les sentiments qui sont \u00e0 l'origine et au coeur du film le lac. Le lac au creux de la main.","robots":{"index":"index","follow":"follow","max-snippet":"max-snippet:-1","max-image-preview":"max-image-preview:large","max-video-preview":"max-video-preview:-1"},"canonical":"https:\/\/casa-azul.ch\/shop\/index.php\/produit\/le-lac-le-livre\/","og_locale":"fr_FR","og_type":"article","og_title":"le lac - Boutiques L&#039;Atelier \/ Casa Azul Films","og_description":"le lac, le livre, r\u00e9unit les mots, les sentiments qui sont \u00e0 l'origine et au coeur du film le lac. Le lac au creux de la main.","og_url":"https:\/\/casa-azul.ch\/shop\/index.php\/produit\/le-lac-le-livre\/","og_site_name":"Boutiques L&#039;Atelier \/ Casa Azul Films","article_modified_time":"2026-05-30T17:22:45+00:00","og_image":[{"width":2560,"height":2397,"url":"https:\/\/casa-azul.ch\/shop\/wp-content\/uploads\/2026\/03\/IMG_3665-scaled.jpeg","type":"image\/jpeg"}],"twitter_card":"summary_large_image","twitter_misc":{"Dur\u00e9e de lecture estim\u00e9e":"1 minute"},"schema":{"@context":"https:\/\/schema.org","@graph":[{"@type":"WebPage","@id":"https:\/\/casa-azul.ch\/shop\/index.php\/produit\/le-lac-le-livre\/","url":"https:\/\/casa-azul.ch\/shop\/index.php\/produit\/le-lac-le-livre\/","name":"le lac - Boutiques L&#039;Atelier \/ Casa Azul Films","isPartOf":{"@id":"https:\/\/casa-azul.ch\/shop\/#website"},"primaryImageOfPage":{"@id":"https:\/\/casa-azul.ch\/shop\/index.php\/produit\/le-lac-le-livre\/#primaryimage"},"image":{"@id":"https:\/\/casa-azul.ch\/shop\/index.php\/produit\/le-lac-le-livre\/#primaryimage"},"thumbnailUrl":"https:\/\/casa-azul.ch\/shop\/wp-content\/uploads\/2026\/03\/IMG_3665-scaled.jpeg","datePublished":"2026-03-16T21:28:40+00:00","dateModified":"2026-05-30T17:22:45+00:00","description":"le lac, le livre, r\u00e9unit les mots, les sentiments qui sont \u00e0 l'origine et au coeur du film le lac. Le lac au creux de la main.","breadcrumb":{"@id":"https:\/\/casa-azul.ch\/shop\/index.php\/produit\/le-lac-le-livre\/#breadcrumb"},"inLanguage":"fr-FR","potentialAction":[{"@type":"ReadAction","target":["https:\/\/casa-azul.ch\/shop\/index.php\/produit\/le-lac-le-livre\/"]}]},{"@type":"ImageObject","inLanguage":"fr-FR","@id":"https:\/\/casa-azul.ch\/shop\/index.php\/produit\/le-lac-le-livre\/#primaryimage","url":"https:\/\/casa-azul.ch\/shop\/wp-content\/uploads\/2026\/03\/IMG_3665-scaled.jpeg","contentUrl":"https:\/\/casa-azul.ch\/shop\/wp-content\/uploads\/2026\/03\/IMG_3665-scaled.jpeg","width":2560,"height":2397},{"@type":"BreadcrumbList","@id":"https:\/\/casa-azul.ch\/shop\/index.php\/produit\/le-lac-le-livre\/#breadcrumb","itemListElement":[{"@type":"ListItem","position":1,"name":"Accueil","item":"https:\/\/casa-azul.ch\/shop\/"},{"@type":"ListItem","position":2,"name":"Boutique","item":"https:\/\/casa-azul.ch\/shop\/"},{"@type":"ListItem","position":3,"name":"le lac"}]},{"@type":"WebSite","@id":"https:\/\/casa-azul.ch\/shop\/#website","url":"https:\/\/casa-azul.ch\/shop\/","name":"Boutiques L&#039;Atelier \/ Casa Azul Films","description":"rue de Gen\u00e8ve 97 \/ 1004 Lausanne \/ Suisse","potentialAction":[{"@type":"SearchAction","target":{"@type":"EntryPoint","urlTemplate":"https:\/\/casa-azul.ch\/shop\/?s={search_term_string}"},"query-input":{"@type":"PropertyValueSpecification","valueRequired":true,"valueName":"search_term_string"}}],"inLanguage":"fr-FR"}]}},"jetpack_sharing_enabled":true,"_links":{"self":[{"href":"https:\/\/casa-azul.ch\/shop\/index.php\/wp-json\/wp\/v2\/product\/256","targetHints":{"allow":["GET"]}}],"collection":[{"href":"https:\/\/casa-azul.ch\/shop\/index.php\/wp-json\/wp\/v2\/product"}],"about":[{"href":"https:\/\/casa-azul.ch\/shop\/index.php\/wp-json\/wp\/v2\/types\/product"}],"wp:featuredmedia":[{"embeddable":true,"href":"https:\/\/casa-azul.ch\/shop\/index.php\/wp-json\/wp\/v2\/media\/272"}],"wp:attachment":[{"href":"https:\/\/casa-azul.ch\/shop\/index.php\/wp-json\/wp\/v2\/media?parent=256"}],"wp:term":[{"taxonomy":"product_brand","embeddable":true,"href":"https:\/\/casa-azul.ch\/shop\/index.php\/wp-json\/wp\/v2\/product_brand?post=256"},{"taxonomy":"product_cat","embeddable":true,"href":"https:\/\/casa-azul.ch\/shop\/index.php\/wp-json\/wp\/v2\/product_cat?post=256"},{"taxonomy":"product_tag","embeddable":true,"href":"https:\/\/casa-azul.ch\/shop\/index.php\/wp-json\/wp\/v2\/product_tag?post=256"}],"curies":[{"name":"wp","href":"https:\/\/api.w.org\/{rel}","templated":true}]}}

<p><strong>le lac</strong> &#8211; le film / <strong>le lac</strong> &#8211; le livre</p>
<p><em>Aller au milieu du lac, et de soi.</em></p>
<p><em>Des carnets de notes m’accompagnent depuis des années au hasard des lectures et des rencontres. J’y griffonne des extraits poétiques et littéraires, des mots, des phrases qui oscillant entre douceur et force expriment le mystère de l’âme et l’indicible. Ce que je cherche à explorer par le cinéma.</em></p>
<p><em>Les fragments présentés ici sont quelques-uns de mes compagnons de route. Ils révèlent, je l’espère, la matière émotionnelle désormais rendue visible par le film <strong>le lac</strong>.</em></p>
<p>F. Aragno</p>
<p>Un livre d&rsquo;images au creux de la main. Images en mots et images en couleurs.</p>

<p><em>Aller au milieu du lac, et de soi.</em></p>
<p><em><strong>le lac</strong></em>, le livre, réunit les mots, les sentiments qui sont à l&rsquo;origine et au coeur du film <strong><em>le lac</em></strong>.</p>
<p>livre de poche, allongé, à l&rsquo;italienne, 17cm / 11cm / 1cm. 100 pages, reluire cousue, impressions offset couleurs quadri, imprimé à 800 exemplaires fr</p>
<p>un film au creux de la main.</p>

<!-- This site is optimized with the Yoast SEO plugin v28.3 - https://yoast.com/product/yoast-seo-wordpress/ -->
<title>le lac - Boutiques L&#039;Atelier / Casa Azul Films</title>
<meta name="description" content="le lac, le livre, réunit les mots, les sentiments qui sont à l&#039;origine et au coeur du film le lac. Le lac au creux de la main." />
<meta name="robots" content="index, follow, max-snippet:-1, max-image-preview:large, max-video-preview:-1" />
<link rel="canonical" href="https://casa-azul.ch/shop/index.php/produit/le-lac-le-livre/" />
<meta property="og:locale" content="fr_FR" />
<meta property="og:type" content="article" />
<meta property="og:title" content="le lac - Boutiques L&#039;Atelier / Casa Azul Films" />
<meta property="og:description" content="le lac, le livre, réunit les mots, les sentiments qui sont à l&#039;origine et au coeur du film le lac. Le lac au creux de la main." />
<meta property="og:url" content="https://casa-azul.ch/shop/index.php/produit/le-lac-le-livre/" />
<meta property="og:site_name" content="Boutiques L&#039;Atelier / Casa Azul Films" />
<meta property="article:modified_time" content="2026-05-30T17:22:45+00:00" />
<meta property="og:image" content="https://casa-azul.ch/shop/wp-content/uploads/2026/03/IMG_3665-scaled.jpeg" />
	<meta property="og:image:width" content="2560" />
	<meta property="og:image:height" content="2397" />
	<meta property="og:image:type" content="image/jpeg" />
<meta name="twitter:card" content="summary_large_image" />
<meta name="twitter:label1" content="Durée de lecture estimée" />
	<meta name="twitter:data1" content="1 minute" />
<script type="application/ld+json" class="yoast-schema-graph">{"@context":"https:\/\/schema.org","@graph":[{"@type":"WebPage","@id":"https:\/\/casa-azul.ch\/shop\/index.php\/produit\/le-lac-le-livre\/","url":"https:\/\/casa-azul.ch\/shop\/index.php\/produit\/le-lac-le-livre\/","name":"le lac - Boutiques L&#039;Atelier \/ Casa Azul Films","isPartOf":{"@id":"https:\/\/casa-azul.ch\/shop\/#website"},"primaryImageOfPage":{"@id":"https:\/\/casa-azul.ch\/shop\/index.php\/produit\/le-lac-le-livre\/#primaryimage"},"image":{"@id":"https:\/\/casa-azul.ch\/shop\/index.php\/produit\/le-lac-le-livre\/#primaryimage"},"thumbnailUrl":"https:\/\/casa-azul.ch\/shop\/wp-content\/uploads\/2026\/03\/IMG_3665-scaled.jpeg","datePublished":"2026-03-16T21:28:40+00:00","dateModified":"2026-05-30T17:22:45+00:00","description":"le lac, le livre, réunit les mots, les sentiments qui sont à l'origine et au coeur du film le lac. Le lac au creux de la main.","breadcrumb":{"@id":"https:\/\/casa-azul.ch\/shop\/index.php\/produit\/le-lac-le-livre\/#breadcrumb"},"inLanguage":"fr-FR","potentialAction":[{"@type":"ReadAction","target":["https:\/\/casa-azul.ch\/shop\/index.php\/produit\/le-lac-le-livre\/"]}]},{"@type":"ImageObject","inLanguage":"fr-FR","@id":"https:\/\/casa-azul.ch\/shop\/index.php\/produit\/le-lac-le-livre\/#primaryimage","url":"https:\/\/casa-azul.ch\/shop\/wp-content\/uploads\/2026\/03\/IMG_3665-scaled.jpeg","contentUrl":"https:\/\/casa-azul.ch\/shop\/wp-content\/uploads\/2026\/03\/IMG_3665-scaled.jpeg","width":2560,"height":2397},{"@type":"BreadcrumbList","@id":"https:\/\/casa-azul.ch\/shop\/index.php\/produit\/le-lac-le-livre\/#breadcrumb","itemListElement":[{"@type":"ListItem","position":1,"name":"Accueil","item":"https:\/\/casa-azul.ch\/shop\/"},{"@type":"ListItem","position":2,"name":"Boutique","item":"https:\/\/casa-azul.ch\/shop\/"},{"@type":"ListItem","position":3,"name":"le lac"}]},{"@type":"WebSite","@id":"https:\/\/casa-azul.ch\/shop\/#website","url":"https:\/\/casa-azul.ch\/shop\/","name":"Boutiques L&#039;Atelier \/ Casa Azul Films","description":"rue de Genève 97 \/ 1004 Lausanne \/ Suisse","potentialAction":[{"@type":"SearchAction","target":{"@type":"EntryPoint","urlTemplate":"https:\/\/casa-azul.ch\/shop\/?s={search_term_string}"},"query-input":{"@type":"PropertyValueSpecification","valueRequired":true,"valueName":"search_term_string"}}],"inLanguage":"fr-FR"}]}</script>
<!-- / Yoast SEO plugin. -->

le lac, le livre, réunit les mots, les sentiments qui sont à l'origine et au coeur du film le lac. Le lac au creux de la main.

rue de Genève 97 / 1004 Lausanne / Suisse
